{"id":123,"date":"2025-10-06T21:37:57","date_gmt":"2025-10-06T21:37:57","guid":{"rendered":"https:\/\/farkasgiorgio.com\/?page_id=123"},"modified":"2025-10-14T16:45:06","modified_gmt":"2025-10-14T16:45:06","slug":"rendeles-2","status":"publish","type":"page","link":"https:\/\/farkasgiorgio.com\/?page_id=123","title":{"rendered":"Rendel\u00e9s"},"content":{"rendered":"\n<p class=\"has-text-align-center\"><mark style=\"background-color:rgba(0, 0, 0, 0);color:#0693e3\" class=\"has-inline-color\"><strong>Giorgio \u00e9s Delon felirat\u00fa p\u00f3l\u00f3t itt tudtok rendelni!<\/strong><\/mark><\/p>\n\n\n\n<p>K\u00e9r\u00fcnk titket \u00edrj\u00e1tok le email-ben, management@farkasgiorgio.com c\u00edmre, hogy milyen sz\u00ednben \u00e9s m\u00e9retben k\u00e9rtek p\u00f3l\u00f3t.<\/p>\n\n\n\n<p>K\u00f6sz\u00f6nj\u00fck!<\/p>\n\n\n\n<p><\/p>\n","protected":false},"excerpt":{"rendered":"<p>Giorgio \u00e9s Delon felirat\u00fa p\u00f3l\u00f3t itt tudtok rendelni! K\u00e9r\u00fcnk titket \u00edrj\u00e1tok le email-ben, management@farkasgiorgio.com c\u00edmre, hogy milyen sz\u00ednben \u00e9s m\u00e9retben k\u00e9rtek p\u00f3l\u00f3t. K\u00f6sz\u00f6nj\u00fck!<\/p>\n","protected":false},"author":1,"featured_media":0,"parent":0,"menu_order":0,"comment_status":"open","ping_status":"closed","template":"","meta":{"footnotes":""},"class_list":["post-123","page","type-page","status-publish","hentry"],"_links":{"self":[{"href":"https:\/\/farkasgiorgio.com\/index.php?rest_route=\/wp\/v2\/pages\/123","targetHints":{"allow":["GET"]}}],"collection":[{"href":"https:\/\/farkasgiorgio.com\/index.php?rest_route=\/wp\/v2\/pages"}],"about":[{"href":"https:\/\/farkasgiorgio.com\/index.php?rest_route=\/wp\/v2\/types\/page"}],"author":[{"embeddable":true,"href":"https:\/\/farkasgiorgio.com\/index.php?rest_route=\/wp\/v2\/users\/1"}],"replies":[{"embeddable":true,"href":"https:\/\/farkasgiorgio.com\/index.php?rest_route=%2Fwp%2Fv2%2Fcomments&post=123"}],"version-history":[{"count":4,"href":"https:\/\/farkasgiorgio.com\/index.php?rest_route=\/wp\/v2\/pages\/123\/revisions"}],"predecessor-version":[{"id":220,"href":"https:\/\/farkasgiorgio.com\/index.php?rest_route=\/wp\/v2\/pages\/123\/revisions\/220"}],"wp:attachment":[{"href":"https:\/\/farkasgiorgio.com\/index.php?rest_route=%2Fwp%2Fv2%2Fmedia&parent=123"}],"curies":[{"name":"wp","href":"https:\/\/api.w.org\/{rel}","templated":true}]}}