{"id":126,"date":"2025-10-06T21:38:07","date_gmt":"2025-10-06T21:38:07","guid":{"rendered":"https:\/\/farkasgiorgio.com\/?page_id=126"},"modified":"2025-11-14T17:21:39","modified_gmt":"2025-11-14T17:21:39","slug":"rolam-2","status":"publish","type":"page","link":"https:\/\/farkasgiorgio.com\/?page_id=126","title":{"rendered":"Bibliogr\u00e1fia"},"content":{"rendered":"\n<p><a href=\"https:\/\/www.tiktok.com\/@giorgiofarkas\">Farkas Giorgio<\/a>&nbsp;\u00fajs\u00e1g\u00edr\u00f3, egy ismert hazai k\u00f6z\u00f6ss\u00e9gi m\u00e9dia-szem\u00e9lyis\u00e9g. Ol\u00e1h cig\u00e1ny csal\u00e1db\u00f3l sz\u00e1rmazik. <\/p>\n\n\n\n<p>Tik Tok, YouTube, Instagram influencer, modell, tartalomk\u00e9sz\u00edt\u0151, aki humoros \u00e9s kreat\u00edv vide\u00f3ival v\u00e1lt nemzetk\u00f6zileg ismertt\u00e9! Legt\u00f6bbsz\u00f6r kis \u00f6ccs\u00e9vel k\u00e9sz\u00edt tartalmakat Delon Pujarival.<\/p>\n\n\n\n<p>Zenei st\u00edlusa Rap, HipHop, R&amp;B<\/p>\n\n\n\n<p>Sz\u00fcletett: Rost\u00e1s-Farkas Gy\u00f6rgy n\u00e9ven 2004.04.05-\u00e9n. Budapesten a IX.ker\u00fclet Sch\u00f6pf-M\u00e9rei K\u00f3rh\u00e1zban. Sz\u00fclet\u00e9se \u00f3ta Budapesten a XIX.ker\u00fcletben lakik. Egy fi\u00fatestv\u00e9re van Delon Pujari influenszer, akivel egy\u00fctt k\u00f6z\u00f6sen k\u00e9sz\u00edtenek tartalmakat a k\u00f6z\u00f6ss\u00e9gi m\u00e9di\u00e1ba.<\/p>\n\n\n\n<p class=\"has-text-align-center\"><strong>Tanulm\u00e1nyok<\/strong><\/p>\n\n\n\n<p>\u00c1ltal\u00e1nos iskolai tanulm\u00e1nyait az E\u00f6tv\u00f6s J\u00f3zsef \u00c1ltal\u00e1nos Iskol\u00e1ban v\u00e9gezte 8. \u00e9vfolyam v\u00e9g\u00e9n 4,8 volt az \u00e1tlaga.<\/p>\n\n\n\n<p>K\u00f6z\u00e9p iskolai tanulm\u00e1ny\u00e1t Pestszentl\u0151rinci K\u00f6zgazdas\u00e1gi \u00e9s Informatikai Gimn\u00e1ziumban v\u00e9gezte. Nemzetk\u00f6zi \u00fajs\u00e1g\u00edr\u00f3 akad\u00e9mi\u00e1t v\u00e9gzett ahol nemzetk\u00f6zi \u00fajs\u00e1g\u00edr\u00f3 lett. K\u00f6z\u00e9pfokon besz\u00e9l, angolul, n\u00e9met\u00fcl \u00e9s anyanyelvi szinten besz\u00e9li a lov\u00e1ri cig\u00e1ny nyelvet.<\/p>\n\n\n\n<p>Tagja a Magyar \u00dajs\u00e1g\u00edr\u00f3k Orsz\u00e1gos Sz\u00f6vets\u00e9g\u00e9nek. Jelenleg a Corvinus Egyetemre k\u00e9sz\u00fcl.<\/p>\n\n\n\n<hr class=\"wp-block-separator has-alpha-channel-opacity is-style-wide\"\/>\n\n\n\n<p><\/p>\n\n\n\n<p class=\"has-text-align-center\"><strong>Kedvenc \u00e9tele, desszert, itala<\/strong>: Sushi,  T\u00f6lt\u00f6tt k\u00e1poszta, Zerb\u00f3, Dr.Pepper<\/p>\n\n\n\n<p class=\"has-text-align-center\"><strong>Kedvenc sorozat:<\/strong> Rocky, Taxi, Ezel, \u00e9s a T\u00f6r\u00f6k sorozatok <\/p>\n\n\n\n<p class=\"has-text-align-center\"><strong>Kedvenc zen\u00e9je<\/strong>: Rengeteg van<\/p>\n\n\n\n<p class=\"has-text-align-center\"><strong>Kedvenc sz\u00edn\u00e9sze<\/strong>: Al Pacino, Sylvester Stallone<\/p>\n\n\n\n<p class=\"has-text-align-center\"><strong>Kedven zenei el\u0151ad\u00f3ja<\/strong>: <strong>Naps, Jul, Gims, Soolking<\/strong><\/p>\n\n\n\n<hr class=\"wp-block-separator has-alpha-channel-opacity is-style-wide\"\/>\n\n\n\n<p class=\"has-text-align-center\"><strong>Csal\u00e1dja<\/strong><\/p>\n\n\n\n<figure class=\"wp-block-image size-large\"><img loading=\"lazy\" decoding=\"async\" width=\"1024\" height=\"1024\" src=\"https:\/\/farkasgiorgio.com\/wp-content\/uploads\/2025\/11\/282108015_570767651236586_591861815532476588_n-1024x1024.jpg\" alt=\"\" class=\"wp-image-230\" srcset=\"https:\/\/farkasgiorgio.com\/wp-content\/uploads\/2025\/11\/282108015_570767651236586_591861815532476588_n-1024x1024.jpg 1024w, https:\/\/farkasgiorgio.com\/wp-content\/uploads\/2025\/11\/282108015_570767651236586_591861815532476588_n-300x300.jpg 300w, https:\/\/farkasgiorgio.com\/wp-content\/uploads\/2025\/11\/282108015_570767651236586_591861815532476588_n-150x150.jpg 150w, https:\/\/farkasgiorgio.com\/wp-content\/uploads\/2025\/11\/282108015_570767651236586_591861815532476588_n-768x768.jpg 768w, https:\/\/farkasgiorgio.com\/wp-content\/uploads\/2025\/11\/282108015_570767651236586_591861815532476588_n.jpg 1536w\" sizes=\"auto, (max-width: 1024px) 100vw, 1024px\" \/><\/figure>\n\n\n\n<p class=\"has-text-align-center\"><strong>\u00c9desapja \u00e9s \u00e9desanyja \u00fajj\u00e1sz\u00fcletett kereszt\u00e9nyek. <\/strong><\/p>\n\n\n\n<p class=\"has-text-align-center\"><strong><a href=\"http:\/\/www.hit.hu\">A Hit gy\u00fclekezet<\/a> tagjai.<\/strong><\/p>\n\n\n\n<p>\u00c9desapja&nbsp;<a href=\"https:\/\/www.facebook.com\/rfgyprivato\">Ifj.Rost\u00e1s-Farkas Gy\u00f6rgy&nbsp;<\/a>\u00fajs\u00e1g\u00edr\u00f3, f\u0151szerkeszt\u0151, m\u0171ford\u00edt\u00f3 \u00fczletember, k\u00f6nyv, lap, film \u00e9s hangelemz kiad\u00f3. A <a href=\"https:\/\/romacharity.com\/\">Roma Szeretetszolg\u00e1lat<\/a> nemzetk\u00f6zi seg\u00e9lyszervezet \u00e9s a Cig\u00e1ny Tudom\u00e1nyos \u00e9s Identit\u00e1s\u0151rz\u0151 Sz\u00f6vets\u00e9g eln\u00f6ke, a Roma Media Center h\u00edrport\u00e1l tulajdonosa, f\u0151szerkeszt\u0151je.<\/p>\n\n\n\n<p>\u00c9desanyja <a href=\"https:\/\/www.facebook.com\/FaragoLaura777\">Farag\u00f3 Laura<\/a> szint\u00e9n \u00fajs\u00e1g\u00edr\u00f3, sz\u00e9ps\u00e9gtan\u00e1csad\u00f3.<\/p>\n\n\n\n<figure class=\"wp-block-image aligncenter size-large is-resized\"><img loading=\"lazy\" decoding=\"async\" width=\"768\" height=\"1024\" src=\"https:\/\/farkasgiorgio.com\/wp-content\/uploads\/2025\/11\/att.SYda9DRl0MAzuqL2NZSYvxAl_mt8OJ0dUPPIZml4Uq8-768x1024.jpg\" alt=\"\" class=\"wp-image-292\" style=\"width:485px;height:auto\" srcset=\"https:\/\/farkasgiorgio.com\/wp-content\/uploads\/2025\/11\/att.SYda9DRl0MAzuqL2NZSYvxAl_mt8OJ0dUPPIZml4Uq8-768x1024.jpg 768w, https:\/\/farkasgiorgio.com\/wp-content\/uploads\/2025\/11\/att.SYda9DRl0MAzuqL2NZSYvxAl_mt8OJ0dUPPIZml4Uq8-225x300.jpg 225w, https:\/\/farkasgiorgio.com\/wp-content\/uploads\/2025\/11\/att.SYda9DRl0MAzuqL2NZSYvxAl_mt8OJ0dUPPIZml4Uq8-1152x1536.jpg 1152w, https:\/\/farkasgiorgio.com\/wp-content\/uploads\/2025\/11\/att.SYda9DRl0MAzuqL2NZSYvxAl_mt8OJ0dUPPIZml4Uq8.jpg 1536w\" sizes=\"auto, (max-width: 768px) 100vw, 768px\" \/><\/figure>\n\n\n\n<p>Apai nagyapja&nbsp;<a href=\"https:\/\/romacharity.com\/rostas-farkas-gyorgy\/\">Rost\u00e1s-Farkas Gy\u00f6rg<\/a>y \u00fajs\u00e1g\u00edr\u00f3, m\u0171ford\u00edt\u00f3, \u00edr\u00f3-k\u00f6lt\u0151, n\u00e9pm\u0171vel\u0151 a hazai roma politikai \u00e9s kultur\u00e1lis \u00e9let meghat\u00e1roz\u00f3 alakja.<\/p>\n\n\n\n<figure class=\"wp-block-gallery has-nested-images columns-default is-cropped wp-block-gallery-1 is-layout-flex wp-block-gallery-is-layout-flex\">\n<figure class=\"wp-block-image size-large\"><img loading=\"lazy\" decoding=\"async\" width=\"1024\" height=\"768\" data-id=\"232\" src=\"https:\/\/farkasgiorgio.com\/wp-content\/uploads\/2025\/11\/IMG_0848-1024x768.jpeg\" alt=\"\" class=\"wp-image-232\" srcset=\"https:\/\/farkasgiorgio.com\/wp-content\/uploads\/2025\/11\/IMG_0848-1024x768.jpeg 1024w, https:\/\/farkasgiorgio.com\/wp-content\/uploads\/2025\/11\/IMG_0848-300x225.jpeg 300w, https:\/\/farkasgiorgio.com\/wp-content\/uploads\/2025\/11\/IMG_0848-768x576.jpeg 768w, https:\/\/farkasgiorgio.com\/wp-content\/uploads\/2025\/11\/IMG_0848-1536x1152.jpeg 1536w, https:\/\/farkasgiorgio.com\/wp-content\/uploads\/2025\/11\/IMG_0848.jpeg 2048w\" sizes=\"auto, (max-width: 1024px) 100vw, 1024px\" \/><\/figure>\n\n\n\n<figure class=\"wp-block-image size-large\"><img loading=\"lazy\" decoding=\"async\" width=\"1024\" height=\"768\" data-id=\"236\" src=\"https:\/\/farkasgiorgio.com\/wp-content\/uploads\/2025\/11\/IMG_0851-1024x768.jpeg\" alt=\"\" class=\"wp-image-236\" srcset=\"https:\/\/farkasgiorgio.com\/wp-content\/uploads\/2025\/11\/IMG_0851-1024x768.jpeg 1024w, https:\/\/farkasgiorgio.com\/wp-content\/uploads\/2025\/11\/IMG_0851-300x225.jpeg 300w, https:\/\/farkasgiorgio.com\/wp-content\/uploads\/2025\/11\/IMG_0851-768x576.jpeg 768w, https:\/\/farkasgiorgio.com\/wp-content\/uploads\/2025\/11\/IMG_0851-1536x1152.jpeg 1536w, https:\/\/farkasgiorgio.com\/wp-content\/uploads\/2025\/11\/IMG_0851.jpeg 2048w\" sizes=\"auto, (max-width: 1024px) 100vw, 1024px\" \/><\/figure>\n\n\n\n<figure class=\"wp-block-image size-large\"><img loading=\"lazy\" decoding=\"async\" width=\"1024\" height=\"768\" data-id=\"244\" src=\"https:\/\/farkasgiorgio.com\/wp-content\/uploads\/2025\/11\/IMG_0831-1024x768.jpeg\" alt=\"\" class=\"wp-image-244\" srcset=\"https:\/\/farkasgiorgio.com\/wp-content\/uploads\/2025\/11\/IMG_0831-1024x768.jpeg 1024w, https:\/\/farkasgiorgio.com\/wp-content\/uploads\/2025\/11\/IMG_0831-300x225.jpeg 300w, https:\/\/farkasgiorgio.com\/wp-content\/uploads\/2025\/11\/IMG_0831-768x576.jpeg 768w, https:\/\/farkasgiorgio.com\/wp-content\/uploads\/2025\/11\/IMG_0831-1536x1152.jpeg 1536w, https:\/\/farkasgiorgio.com\/wp-content\/uploads\/2025\/11\/IMG_0831.jpeg 2048w\" sizes=\"auto, (max-width: 1024px) 100vw, 1024px\" \/><\/figure>\n\n\n\n<figure class=\"wp-block-image size-large\"><img loading=\"lazy\" decoding=\"async\" width=\"1024\" height=\"768\" data-id=\"243\" src=\"https:\/\/farkasgiorgio.com\/wp-content\/uploads\/2025\/11\/IMG_0834-1024x768.jpeg\" alt=\"\" class=\"wp-image-243\" srcset=\"https:\/\/farkasgiorgio.com\/wp-content\/uploads\/2025\/11\/IMG_0834-1024x768.jpeg 1024w, https:\/\/farkasgiorgio.com\/wp-content\/uploads\/2025\/11\/IMG_0834-300x225.jpeg 300w, https:\/\/farkasgiorgio.com\/wp-content\/uploads\/2025\/11\/IMG_0834-768x576.jpeg 768w, https:\/\/farkasgiorgio.com\/wp-content\/uploads\/2025\/11\/IMG_0834-1536x1152.jpeg 1536w, https:\/\/farkasgiorgio.com\/wp-content\/uploads\/2025\/11\/IMG_0834.jpeg 2048w\" sizes=\"auto, (max-width: 1024px) 100vw, 1024px\" \/><\/figure>\n\n\n\n<figure class=\"wp-block-image size-large\"><img loading=\"lazy\" decoding=\"async\" width=\"768\" height=\"1024\" data-id=\"250\" src=\"https:\/\/farkasgiorgio.com\/wp-content\/uploads\/2025\/11\/385522731_896126665443303_8670330470366735502_n-768x1024.jpg\" alt=\"\" class=\"wp-image-250\" srcset=\"https:\/\/farkasgiorgio.com\/wp-content\/uploads\/2025\/11\/385522731_896126665443303_8670330470366735502_n-768x1024.jpg 768w, https:\/\/farkasgiorgio.com\/wp-content\/uploads\/2025\/11\/385522731_896126665443303_8670330470366735502_n-225x300.jpg 225w, https:\/\/farkasgiorgio.com\/wp-content\/uploads\/2025\/11\/385522731_896126665443303_8670330470366735502_n-1152x1536.jpg 1152w, https:\/\/farkasgiorgio.com\/wp-content\/uploads\/2025\/11\/385522731_896126665443303_8670330470366735502_n.jpg 1536w\" sizes=\"auto, (max-width: 768px) 100vw, 768px\" \/><\/figure>\n\n\n\n<figure class=\"wp-block-image size-large\"><img loading=\"lazy\" decoding=\"async\" width=\"768\" height=\"1024\" data-id=\"246\" src=\"https:\/\/farkasgiorgio.com\/wp-content\/uploads\/2025\/11\/386459940_654333676863583_1224522081039393954_n-768x1024.jpg\" alt=\"\" class=\"wp-image-246\" srcset=\"https:\/\/farkasgiorgio.com\/wp-content\/uploads\/2025\/11\/386459940_654333676863583_1224522081039393954_n-768x1024.jpg 768w, https:\/\/farkasgiorgio.com\/wp-content\/uploads\/2025\/11\/386459940_654333676863583_1224522081039393954_n-225x300.jpg 225w, https:\/\/farkasgiorgio.com\/wp-content\/uploads\/2025\/11\/386459940_654333676863583_1224522081039393954_n-1152x1536.jpg 1152w, https:\/\/farkasgiorgio.com\/wp-content\/uploads\/2025\/11\/386459940_654333676863583_1224522081039393954_n.jpg 1536w\" sizes=\"auto, (max-width: 768px) 100vw, 768px\" \/><\/figure>\n\n\n\n<figure class=\"wp-block-image size-large\"><img loading=\"lazy\" decoding=\"async\" width=\"768\" height=\"1024\" data-id=\"247\" src=\"https:\/\/farkasgiorgio.com\/wp-content\/uploads\/2025\/11\/386842581_903853194444856_3699991446456542151_n-768x1024.jpg\" alt=\"\" class=\"wp-image-247\" srcset=\"https:\/\/farkasgiorgio.com\/wp-content\/uploads\/2025\/11\/386842581_903853194444856_3699991446456542151_n-768x1024.jpg 768w, https:\/\/farkasgiorgio.com\/wp-content\/uploads\/2025\/11\/386842581_903853194444856_3699991446456542151_n-225x300.jpg 225w, https:\/\/farkasgiorgio.com\/wp-content\/uploads\/2025\/11\/386842581_903853194444856_3699991446456542151_n-1152x1536.jpg 1152w, https:\/\/farkasgiorgio.com\/wp-content\/uploads\/2025\/11\/386842581_903853194444856_3699991446456542151_n.jpg 1536w\" sizes=\"auto, (max-width: 768px) 100vw, 768px\" \/><\/figure>\n\n\n\n<figure class=\"wp-block-image size-large\"><img loading=\"lazy\" decoding=\"async\" width=\"768\" height=\"1024\" data-id=\"249\" src=\"https:\/\/farkasgiorgio.com\/wp-content\/uploads\/2025\/11\/386870827_382155907495719_169382781080395226_n-768x1024.jpg\" alt=\"\" class=\"wp-image-249\" srcset=\"https:\/\/farkasgiorgio.com\/wp-content\/uploads\/2025\/11\/386870827_382155907495719_169382781080395226_n-768x1024.jpg 768w, https:\/\/farkasgiorgio.com\/wp-content\/uploads\/2025\/11\/386870827_382155907495719_169382781080395226_n-225x300.jpg 225w, https:\/\/farkasgiorgio.com\/wp-content\/uploads\/2025\/11\/386870827_382155907495719_169382781080395226_n-1152x1536.jpg 1152w, https:\/\/farkasgiorgio.com\/wp-content\/uploads\/2025\/11\/386870827_382155907495719_169382781080395226_n.jpg 1536w\" sizes=\"auto, (max-width: 768px) 100vw, 768px\" \/><\/figure>\n\n\n\n<figure class=\"wp-block-image size-large\"><img loading=\"lazy\" decoding=\"async\" width=\"576\" height=\"1024\" data-id=\"245\" src=\"https:\/\/farkasgiorgio.com\/wp-content\/uploads\/2025\/11\/393080224_1090463475646351_938019695161137596_n-576x1024.jpg\" alt=\"\" class=\"wp-image-245\" srcset=\"https:\/\/farkasgiorgio.com\/wp-content\/uploads\/2025\/11\/393080224_1090463475646351_938019695161137596_n-576x1024.jpg 576w, https:\/\/farkasgiorgio.com\/wp-content\/uploads\/2025\/11\/393080224_1090463475646351_938019695161137596_n-169x300.jpg 169w, https:\/\/farkasgiorgio.com\/wp-content\/uploads\/2025\/11\/393080224_1090463475646351_938019695161137596_n-768x1365.jpg 768w, https:\/\/farkasgiorgio.com\/wp-content\/uploads\/2025\/11\/393080224_1090463475646351_938019695161137596_n-864x1536.jpg 864w, https:\/\/farkasgiorgio.com\/wp-content\/uploads\/2025\/11\/393080224_1090463475646351_938019695161137596_n.jpg 1152w\" sizes=\"auto, (max-width: 576px) 100vw, 576px\" \/><\/figure>\n\n\n\n<figure class=\"wp-block-image size-large\"><img loading=\"lazy\" decoding=\"async\" width=\"1024\" height=\"768\" data-id=\"248\" src=\"https:\/\/farkasgiorgio.com\/wp-content\/uploads\/2025\/11\/393097376_894307182068007_6244948323418789836_n-1024x768.jpg\" alt=\"\" class=\"wp-image-248\" srcset=\"https:\/\/farkasgiorgio.com\/wp-content\/uploads\/2025\/11\/393097376_894307182068007_6244948323418789836_n-1024x768.jpg 1024w, https:\/\/farkasgiorgio.com\/wp-content\/uploads\/2025\/11\/393097376_894307182068007_6244948323418789836_n-300x225.jpg 300w, https:\/\/farkasgiorgio.com\/wp-content\/uploads\/2025\/11\/393097376_894307182068007_6244948323418789836_n-768x576.jpg 768w, https:\/\/farkasgiorgio.com\/wp-content\/uploads\/2025\/11\/393097376_894307182068007_6244948323418789836_n-1536x1152.jpg 1536w, https:\/\/farkasgiorgio.com\/wp-content\/uploads\/2025\/11\/393097376_894307182068007_6244948323418789836_n.jpg 2048w\" sizes=\"auto, (max-width: 1024px) 100vw, 1024px\" \/><\/figure>\n\n\n\n<figure class=\"wp-block-image size-large\"><img loading=\"lazy\" decoding=\"async\" width=\"864\" height=\"1024\" data-id=\"251\" src=\"https:\/\/farkasgiorgio.com\/wp-content\/uploads\/2025\/11\/393104373_284881620707850_6270480414512513563_n-864x1024.jpg\" alt=\"\" class=\"wp-image-251\" srcset=\"https:\/\/farkasgiorgio.com\/wp-content\/uploads\/2025\/11\/393104373_284881620707850_6270480414512513563_n-864x1024.jpg 864w, https:\/\/farkasgiorgio.com\/wp-content\/uploads\/2025\/11\/393104373_284881620707850_6270480414512513563_n-253x300.jpg 253w, https:\/\/farkasgiorgio.com\/wp-content\/uploads\/2025\/11\/393104373_284881620707850_6270480414512513563_n-768x911.jpg 768w, https:\/\/farkasgiorgio.com\/wp-content\/uploads\/2025\/11\/393104373_284881620707850_6270480414512513563_n.jpg 1012w\" sizes=\"auto, (max-width: 864px) 100vw, 864px\" \/><\/figure>\n\n\n\n<figure class=\"wp-block-image size-large\"><img loading=\"lazy\" decoding=\"async\" width=\"1024\" height=\"768\" data-id=\"252\" src=\"https:\/\/farkasgiorgio.com\/wp-content\/uploads\/2025\/11\/393122721_1310332039633172_7181625477809554888_n-1024x768.jpg\" alt=\"\" class=\"wp-image-252\" srcset=\"https:\/\/farkasgiorgio.com\/wp-content\/uploads\/2025\/11\/393122721_1310332039633172_7181625477809554888_n-1024x768.jpg 1024w, https:\/\/farkasgiorgio.com\/wp-content\/uploads\/2025\/11\/393122721_1310332039633172_7181625477809554888_n-300x225.jpg 300w, https:\/\/farkasgiorgio.com\/wp-content\/uploads\/2025\/11\/393122721_1310332039633172_7181625477809554888_n-768x576.jpg 768w, https:\/\/farkasgiorgio.com\/wp-content\/uploads\/2025\/11\/393122721_1310332039633172_7181625477809554888_n-1536x1152.jpg 1536w, https:\/\/farkasgiorgio.com\/wp-content\/uploads\/2025\/11\/393122721_1310332039633172_7181625477809554888_n.jpg 2048w\" sizes=\"auto, (max-width: 1024px) 100vw, 1024px\" \/><\/figure>\n\n\n\n<figure class=\"wp-block-image size-large\"><img loading=\"lazy\" decoding=\"async\" width=\"819\" height=\"1024\" data-id=\"253\" src=\"https:\/\/farkasgiorgio.com\/wp-content\/uploads\/2025\/11\/403603340_1076586320178206_3051392398250331889_n-819x1024.jpg\" alt=\"\" class=\"wp-image-253\" srcset=\"https:\/\/farkasgiorgio.com\/wp-content\/uploads\/2025\/11\/403603340_1076586320178206_3051392398250331889_n-819x1024.jpg 819w, https:\/\/farkasgiorgio.com\/wp-content\/uploads\/2025\/11\/403603340_1076586320178206_3051392398250331889_n-240x300.jpg 240w, https:\/\/farkasgiorgio.com\/wp-content\/uploads\/2025\/11\/403603340_1076586320178206_3051392398250331889_n-768x960.jpg 768w, https:\/\/farkasgiorgio.com\/wp-content\/uploads\/2025\/11\/403603340_1076586320178206_3051392398250331889_n-1229x1536.jpg 1229w, https:\/\/farkasgiorgio.com\/wp-content\/uploads\/2025\/11\/403603340_1076586320178206_3051392398250331889_n.jpg 1638w\" sizes=\"auto, (max-width: 819px) 100vw, 819px\" \/><\/figure>\n\n\n\n<figure class=\"wp-block-image size-large\"><img loading=\"lazy\" decoding=\"async\" width=\"768\" height=\"1024\" data-id=\"256\" src=\"https:\/\/farkasgiorgio.com\/wp-content\/uploads\/2025\/11\/403604132_723222516063014_4186468073920314602_n-768x1024.jpg\" alt=\"\" class=\"wp-image-256\" srcset=\"https:\/\/farkasgiorgio.com\/wp-content\/uploads\/2025\/11\/403604132_723222516063014_4186468073920314602_n-768x1024.jpg 768w, https:\/\/farkasgiorgio.com\/wp-content\/uploads\/2025\/11\/403604132_723222516063014_4186468073920314602_n-225x300.jpg 225w, https:\/\/farkasgiorgio.com\/wp-content\/uploads\/2025\/11\/403604132_723222516063014_4186468073920314602_n-1152x1536.jpg 1152w, https:\/\/farkasgiorgio.com\/wp-content\/uploads\/2025\/11\/403604132_723222516063014_4186468073920314602_n.jpg 1536w\" sizes=\"auto, (max-width: 768px) 100vw, 768px\" \/><\/figure>\n\n\n\n<figure class=\"wp-block-image size-large\"><img loading=\"lazy\" decoding=\"async\" width=\"768\" height=\"1024\" data-id=\"254\" src=\"https:\/\/farkasgiorgio.com\/wp-content\/uploads\/2025\/11\/403634727_593592709574764_8967808898300020034_n-768x1024.jpg\" alt=\"\" class=\"wp-image-254\" srcset=\"https:\/\/farkasgiorgio.com\/wp-content\/uploads\/2025\/11\/403634727_593592709574764_8967808898300020034_n-768x1024.jpg 768w, https:\/\/farkasgiorgio.com\/wp-content\/uploads\/2025\/11\/403634727_593592709574764_8967808898300020034_n-225x300.jpg 225w, https:\/\/farkasgiorgio.com\/wp-content\/uploads\/2025\/11\/403634727_593592709574764_8967808898300020034_n-1152x1536.jpg 1152w, https:\/\/farkasgiorgio.com\/wp-content\/uploads\/2025\/11\/403634727_593592709574764_8967808898300020034_n.jpg 1536w\" sizes=\"auto, (max-width: 768px) 100vw, 768px\" \/><\/figure>\n\n\n\n<figure class=\"wp-block-image size-large\"><img loading=\"lazy\" decoding=\"async\" width=\"768\" height=\"1024\" data-id=\"255\" src=\"https:\/\/farkasgiorgio.com\/wp-content\/uploads\/2025\/11\/412541654_1032787784494703_7272738539225614307_n-768x1024.jpg\" alt=\"\" class=\"wp-image-255\" srcset=\"https:\/\/farkasgiorgio.com\/wp-content\/uploads\/2025\/11\/412541654_1032787784494703_7272738539225614307_n-768x1024.jpg 768w, https:\/\/farkasgiorgio.com\/wp-content\/uploads\/2025\/11\/412541654_1032787784494703_7272738539225614307_n-225x300.jpg 225w, https:\/\/farkasgiorgio.com\/wp-content\/uploads\/2025\/11\/412541654_1032787784494703_7272738539225614307_n-1152x1536.jpg 1152w, https:\/\/farkasgiorgio.com\/wp-content\/uploads\/2025\/11\/412541654_1032787784494703_7272738539225614307_n.jpg 1536w\" sizes=\"auto, (max-width: 768px) 100vw, 768px\" \/><\/figure>\n<\/figure>\n","protected":false},"excerpt":{"rendered":"<p>Farkas Giorgio&nbsp;\u00fajs\u00e1g\u00edr\u00f3, egy ismert hazai k\u00f6z\u00f6ss\u00e9gi m\u00e9dia-szem\u00e9lyis\u00e9g. Ol\u00e1h cig\u00e1ny csal\u00e1db\u00f3l sz\u00e1rmazik. Tik Tok, YouTube, Instagram influencer, modell, tartalomk\u00e9sz\u00edt\u0151, aki humoros \u00e9s kreat\u00edv vide\u00f3ival v\u00e1lt nemzetk\u00f6zileg ismertt\u00e9! Legt\u00f6bbsz\u00f6r kis \u00f6ccs\u00e9vel k\u00e9sz\u00edt tartalmakat Delon Pujarival. Zenei st\u00edlusa Rap, HipHop, R&amp;B Sz\u00fcletett: Rost\u00e1s-Farkas Gy\u00f6rgy n\u00e9ven 2004.04.05-\u00e9n. Budapesten a IX.ker\u00fclet Sch\u00f6pf-M\u00e9rei K\u00f3rh\u00e1zban. Sz\u00fclet\u00e9se \u00f3ta Budapesten a XIX.ker\u00fcletben lakik. Egy&#8230;<\/p>\n","protected":false},"author":1,"featured_media":0,"parent":0,"menu_order":0,"comment_status":"closed","ping_status":"closed","template":"","meta":{"footnotes":""},"class_list":["post-126","page","type-page","status-publish","hentry"],"_links":{"self":[{"href":"https:\/\/farkasgiorgio.com\/index.php?rest_route=\/wp\/v2\/pages\/126","targetHints":{"allow":["GET"]}}],"collection":[{"href":"https:\/\/farkasgiorgio.com\/index.php?rest_route=\/wp\/v2\/pages"}],"about":[{"href":"https:\/\/farkasgiorgio.com\/index.php?rest_route=\/wp\/v2\/types\/page"}],"author":[{"embeddable":true,"href":"https:\/\/farkasgiorgio.com\/index.php?rest_route=\/wp\/v2\/users\/1"}],"replies":[{"embeddable":true,"href":"https:\/\/farkasgiorgio.com\/index.php?rest_route=%2Fwp%2Fv2%2Fcomments&post=126"}],"version-history":[{"count":20,"href":"https:\/\/farkasgiorgio.com\/index.php?rest_route=\/wp\/v2\/pages\/126\/revisions"}],"predecessor-version":[{"id":293,"href":"https:\/\/farkasgiorgio.com\/index.php?rest_route=\/wp\/v2\/pages\/126\/revisions\/293"}],"wp:attachment":[{"href":"https:\/\/farkasgiorgio.com\/index.php?rest_route=%2Fwp%2Fv2%2Fmedia&parent=126"}],"curies":[{"name":"wp","href":"https:\/\/api.w.org\/{rel}","templated":true}]}}