{"id":150,"date":"2025-10-07T07:41:02","date_gmt":"2025-10-07T07:41:02","guid":{"rendered":"https:\/\/farkasgiorgio.com\/?page_id=150"},"modified":"2025-11-29T13:40:57","modified_gmt":"2025-11-29T13:40:57","slug":"hirdetesreklamegyuttmukodes","status":"publish","type":"page","link":"https:\/\/farkasgiorgio.com\/?page_id=150","title":{"rendered":"Hirdet\u00e9s, Rekl\u00e1m, Egy\u00fcttm\u0171k\u00f6d\u00e9s"},"content":{"rendered":"\n<p class=\"has-text-align-center\"><strong>Sz\u00edvesen seg\u00edtek c\u00e9gek, v\u00e1llalkoz\u00e1sok, hirdet\u00e9s\u00e9ben saj\u00e1t csatorn\u00e1imon!<\/strong><\/p>\n\n\n\n<p class=\"has-text-align-center\"><a href=\"https:\/\/farkasgiorgio.com\/?page_id=150\"><span class=\"has-superb-addons-text-align-justify\"><strong>K\u00e9rlek \u00edrj menedzsmentemnek vagy keresd \u0151ket telefonon!<\/strong><\/span><\/a><\/p>\n\n\n\n<h1 class=\"wp-block-heading has-text-align-center\"><strong>Delon Pujari \u00f6cs\u00e9mmel mindent megoldunk!<\/strong> <mark style=\"background-color:rgba(0, 0, 0, 0);color:#ff6900\" class=\"has-inline-color\">Legyetek Puj\u00e1r\u00f3k ne khul\u00e1l\u00f3k!<\/mark><\/h1>\n\n\n\n<h1 class=\"wp-block-heading has-text-align-center\"><strong><mark style=\"background-color:rgba(0, 0, 0, 0);color:#ff6900\" class=\"has-inline-color\">Vel\u00fcnk a siker az garant\u00e1lt!<\/mark><\/strong><\/h1>\n\n\n\n<figure class=\"wp-block-embed is-type-rich is-provider-tiktok wp-block-embed-tiktok\"><div class=\"wp-block-embed__wrapper\">\n<blockquote class=\"tiktok-embed\" cite=\"https:\/\/www.tiktok.com\/@giorgiofarkas\" data-unique-id=\"giorgiofarkas\" data-embed-from=\"oembed\" data-embed-type=\"creator\" style=\"max-width:780px; min-width:288px;\"> <section> <a target=\"_blank\" href=\"https:\/\/www.tiktok.com\/@giorgiofarkas?refer=creator_embed\">@giorgiofarkas<\/a> <\/section> <\/blockquote> <script async src=\"https:\/\/www.tiktok.com\/embed.js\"><\/script>\n<\/div><\/figure>\n\n\n\n<figure class=\"wp-block-image aligncenter size-full is-resized\"><a href=\"https:\/\/www.youtube.com\/@GiorgioFarkas\"><img loading=\"lazy\" decoding=\"async\" width=\"1024\" height=\"430\" src=\"https:\/\/farkasgiorgio.com\/wp-content\/uploads\/2025\/10\/YouTube-Farkas-Giorgio.png\" alt=\"\" class=\"wp-image-82\" style=\"width:289px;height:auto\" srcset=\"https:\/\/farkasgiorgio.com\/wp-content\/uploads\/2025\/10\/YouTube-Farkas-Giorgio.png 1024w, https:\/\/farkasgiorgio.com\/wp-content\/uploads\/2025\/10\/YouTube-Farkas-Giorgio-300x126.png 300w, https:\/\/farkasgiorgio.com\/wp-content\/uploads\/2025\/10\/YouTube-Farkas-Giorgio-768x323.png 768w\" sizes=\"auto, (max-width: 1024px) 100vw, 1024px\" \/><\/a><\/figure>\n\n\n\n<figure class=\"wp-block-image aligncenter size-full is-resized\"><a href=\"https:\/\/www.instagram.com\/giorgiofarkas\/\"><img loading=\"lazy\" decoding=\"async\" width=\"320\" height=\"320\" src=\"https:\/\/farkasgiorgio.com\/wp-content\/uploads\/2025\/10\/Instagram-1.png\" alt=\"\" class=\"wp-image-112\" style=\"width:310px;height:auto\" srcset=\"https:\/\/farkasgiorgio.com\/wp-content\/uploads\/2025\/10\/Instagram-1.png 320w, https:\/\/farkasgiorgio.com\/wp-content\/uploads\/2025\/10\/Instagram-1-300x300.png 300w, https:\/\/farkasgiorgio.com\/wp-content\/uploads\/2025\/10\/Instagram-1-150x150.png 150w\" sizes=\"auto, (max-width: 320px) 100vw, 320px\" \/><\/a><\/figure>\n","protected":false},"excerpt":{"rendered":"<p>Sz\u00edvesen seg\u00edtek c\u00e9gek, v\u00e1llalkoz\u00e1sok, hirdet\u00e9s\u00e9ben saj\u00e1t csatorn\u00e1imon! K\u00e9rlek \u00edrj menedzsmentemnek vagy keresd \u0151ket telefonon! Delon Pujari \u00f6cs\u00e9mmel mindent megoldunk! Legyetek Puj\u00e1r\u00f3k ne khul\u00e1l\u00f3k! Vel\u00fcnk a siker az garant\u00e1lt!<\/p>\n","protected":false},"author":1,"featured_media":0,"parent":0,"menu_order":0,"comment_status":"closed","ping_status":"closed","template":"","meta":{"footnotes":""},"class_list":["post-150","page","type-page","status-publish","hentry"],"_links":{"self":[{"href":"https:\/\/farkasgiorgio.com\/index.php?rest_route=\/wp\/v2\/pages\/150","targetHints":{"allow":["GET"]}}],"collection":[{"href":"https:\/\/farkasgiorgio.com\/index.php?rest_route=\/wp\/v2\/pages"}],"about":[{"href":"https:\/\/farkasgiorgio.com\/index.php?rest_route=\/wp\/v2\/types\/page"}],"author":[{"embeddable":true,"href":"https:\/\/farkasgiorgio.com\/index.php?rest_route=\/wp\/v2\/users\/1"}],"replies":[{"embeddable":true,"href":"https:\/\/farkasgiorgio.com\/index.php?rest_route=%2Fwp%2Fv2%2Fcomments&post=150"}],"version-history":[{"count":10,"href":"https:\/\/farkasgiorgio.com\/index.php?rest_route=\/wp\/v2\/pages\/150\/revisions"}],"predecessor-version":[{"id":366,"href":"https:\/\/farkasgiorgio.com\/index.php?rest_route=\/wp\/v2\/pages\/150\/revisions\/366"}],"wp:attachment":[{"href":"https:\/\/farkasgiorgio.com\/index.php?rest_route=%2Fwp%2Fv2%2Fmedia&parent=150"}],"curies":[{"name":"wp","href":"https:\/\/api.w.org\/{rel}","templated":true}]}}