{"id":223,"date":"2025-10-27T18:14:21","date_gmt":"2025-10-27T18:14:21","guid":{"rendered":"https:\/\/farkasgiorgio.com\/?page_id=223"},"modified":"2026-04-25T14:05:56","modified_gmt":"2026-04-25T14:05:56","slug":"delon-pujari","status":"publish","type":"page","link":"https:\/\/farkasgiorgio.com\/?page_id=223","title":{"rendered":"Delon Pujari"},"content":{"rendered":"\n<p>Delon Pujari Sz\u00fcletett: 2012.09.14-\u00e9n Rost\u00e1s-Farkas Attila n\u00e9ven, Budapesten a J\u00e1hn Ferenc D\u00e9l-pesti K\u00f3rh\u00e1zban. <\/p>\n\n\n\n<p>Delon becenevet \u00e9desapja adta neki Alain Delon sz\u00edn\u00e9szr\u0151l, Pujari becenevet saj\u00e1t mag\u00e1nak adta kicsi kor\u00e1ban. Delon Puajri egy ismert hazai k\u00f6z\u00f6ss\u00e9gi m\u00e9dia-szem\u00e9lyis\u00e9g. Ol\u00e1h cig\u00e1ny csal\u00e1db\u00f3l sz\u00e1rmazik.<\/p>\n\n\n\n<p>Tik Tok influencer, tartalomk\u00e9sz\u00edt\u0151, aki humoros \u00e9s kreat\u00edv vide\u00f3ival v\u00e1lt ismertt\u00e9! Legt\u00f6bbsz\u00f6r b\u00e1tyj\u00e1val \u00e9sz\u00edt tartalmakat Farkas Giorgioval.<\/p>\n\n\n\n<p>\u00c9desapja \u00e9s \u00e9desanyja \u00fajj\u00e1sz\u00fcletett kereszt\u00e9nyek. A Hit gy\u00fclekezet tagjai.<\/p>\n\n\n\n<p><strong>\u00c9desapja\u00a0<a href=\"https:\/\/www.facebook.com\/rfgyprivato\">Ifj.Rost\u00e1s-Farkas Gy\u00f6rgy\u00a0<\/a><\/strong> \u00fajs\u00e1g\u00edr\u00f3, \u00edr\u00f3, k\u00f6lt\u0151, f\u0151szerkeszt\u0151, \u00fczletember, projektmenedzser, m\u0171ford\u00edt\u00f3, jogv\u00e9d\u0151 \u00e9s cig\u00e1ny nyelvi szak\u00e9rt\u0151. Munk\u00e1ss\u00e1g\u00e1t a t\u00e1rsadalmi felel\u0151ss\u00e9gv\u00e1llal\u00e1s, az innov\u00e1ci\u00f3 \u00e9s a k\u00f6z\u00f6ss\u00e9g\u00e9p\u00edt\u00e9s ir\u00e1nti elk\u00f6telezetts\u00e9g hat\u00e1rozza meg. Alapelvei k\u00f6z\u00e9 tartozik, hogy az embereket ne sz\u00e1rmaz\u00e1suk vagy k\u00fcls\u0151 jegyeik, hanem bels\u0151 \u00e9rt\u00e9keik alapj\u00e1n \u00edt\u00e9lj\u00fck meg. Hitvall\u00e1sa szerint a tud\u00e1s a fejl\u0151d\u00e9s alapja, \u00e9s a t\u00e1rsadalmi el\u0151rel\u00e9p\u00e9s kulcsa az egy\u00fcttm\u0171k\u00f6d\u00e9s, azaz <\/p>\n\n\n\n<p class=\"has-text-align-center\"><strong>Hidakat kell \u00e9p\u00edteni, nem falakat \u00e1ll\u00edtani!<\/strong><\/p>\n\n\n\n<p>Szem\u00e9lyes \u00e9let<br>Feles\u00e9g\u00e9vel \u00fajj\u00e1sz\u00fcletett kereszt\u00e9nyek, a Hit Gy\u00fclekezete tagjai. Feles\u00e9ge Farag\u00f3 Laura \u00fajs\u00e1g\u00edr\u00f3, sz\u00e9ps\u00e9gtan\u00e1csad\u00f3.<br>N\u0151s, k\u00e9t fi\u00fagyermek \u00e9desapja: Farkas Giorgio nagyobbik fia \u00fajs\u00e1g\u00edr\u00f3, influenszer \u00e9s Delon Pujari szint\u00e9n influenszer, akik vide\u00f3ikkal nemzetk\u00f6zi ismerts\u00e9gre \u00e9s rengeteg k\u00f6vet\u0151re tettek szert.<\/p>\n\n\n\n<p><strong>Szakmai \u00e9s k\u00f6z\u00e9leti tev\u00e9kenys\u00e9g<\/strong><br>Ifj. Rost\u00e1s-Farkas Gy\u00f6rgy a roma k\u00f6z\u00e9let \u00e9s m\u00e9dia meghat\u00e1roz\u00f3 szerepl\u0151je, t\u00f6bb szervezet alap\u00edt\u00f3ja \u00e9s vezet\u0151je. A Roma Szeretetszolg\u00e1lat eln\u00f6ke,a Cig\u00e1ny Tudom\u00e1nyos \u00e9s Identit\u00e1s\u0151rz\u0151 Sz\u00f6vets\u00e9g eln\u00f6ke,a Roma M\u00e9dia K\u00f6zpont alap\u00edt\u00f3ja \u00e9s tulajdonosa<br>a Roma Media Center h\u00edrport\u00e1l f\u0151szerkeszt\u0151je.A Magyar \u00dajs\u00e1g\u00edr\u00f3k Orsz\u00e1gos Sz\u00f6vets\u00e9ge Cig\u00e1ny Szakoszt\u00e1ly\u00e1nak eln\u00f6ke.<br>Nev\u00e9hez f\u0171z\u0151dik a Roma Media K\u00f6zpont \u00e9s a Roma Media Center l\u00e9trehoz\u00e1sa, amelynek c\u00e9lja a f\u00fcggetlen, hiteles \u00e9s min\u0151s\u00e9gi \u00fajs\u00e1g\u00edr\u00e1s er\u0151s\u00edt\u00e9se hazai \u00e9s nemzetk\u00f6zi szinten, valamint a t\u00e1rsadalom objekt\u00edv t\u00e1j\u00e9koztat\u00e1sa.<\/p>\n\n\n\n<p>Kiemelt figyelmet ford\u00edt a magyar \u00e9s cig\u00e1ny nyelv\u0171 roma sajt\u00f3 fejleszt\u00e9s\u00e9re, t\u00e1mogat\u00e1s\u00e1ra \u00e9s l\u00e1that\u00f3s\u00e1g\u00e1nak n\u00f6vel\u00e9s\u00e9re.<\/p>\n\n\n\n<hr class=\"wp-block-separator has-alpha-channel-opacity is-style-wide\"\/>\n\n\n\n<p><strong>\u00c9desanyja\u00a0<a href=\"https:\/\/www.facebook.com\/FaragoLaura777\">Farag\u00f3 Laura<\/a><\/strong>\u00a0szint\u00e9n \u00fajs\u00e1g\u00edr\u00f3, sz\u00e9ps\u00e9gtan\u00e1csad\u00f3.\u00dajs\u00e1g\u00edr\u00f3, projektigazgat\u00f3. 1987.j\u00fanius 6-\u00e1n sz\u00fcletett B\u00e9k\u00e9scsab\u00e1n.<\/p>\n\n\n\n<p>A Roma Media K\u00f6zpont tagja \u00e9s projektigazgat\u00f3ja \u00e9s a Roma Media Center szerkeszt\u0151je, ahol munk\u00e1j\u00e1t a roma k\u00f6z\u00f6ss\u00e9g t\u00e1rsadalmi, kultur\u00e1lis \u00e9s gazdas\u00e1gi meger\u0151s\u00edt\u00e9s\u00e9nek szolg\u00e1lat\u00e1ba \u00e1ll\u00edtja.<\/p>\n\n\n\n<p>Kiemelt figyelmet ford\u00edt a roma kult\u00fara \u00e1pol\u00e1s\u00e1ra, a roma nyelv \u00e9s identit\u00e1s meg\u0151rz\u00e9s\u00e9re, valamint olyan programok megval\u00f3s\u00edt\u00e1s\u00e1ra, amelyek el\u0151seg\u00edtik a k\u00f6z\u00f6ss\u00e9gi integr\u00e1ci\u00f3t \u00e9s a gazdas\u00e1gi felz\u00e1rk\u00f3z\u00e1st.<\/p>\n\n\n\n<p>Szakmai tev\u00e9kenys\u00e9g\u00e9nek fontos r\u00e9sze a n\u0151i es\u00e9lyegyenl\u0151s\u00e9g t\u00e1mogat\u00e1sa, elk\u00f6telezetten dolgozik a n\u0151k t\u00e1rsadalmi szerepv\u00e1llal\u00e1s\u00e1nak er\u0151s\u00edt\u00e9s\u00e9n, az \u00f6n\u00e1ll\u00f3s\u00e1g, az oktat\u00e1s, a munkaer\u0151piaci lehet\u0151s\u00e9gek \u00e9s az \u00f6n\u00e9rv\u00e9nyes\u00edt\u00e9s t\u00e1mogat\u00e1s\u00e1n.<\/p>\n\n\n\n<p>Sz\u00e9ps\u00e9g- \u00e9s eg\u00e9szs\u00e9g rovatvezet\u0151k\u00e9nt, valamint sz\u00e9ps\u00e9gtan\u00e1csad\u00f3k\u00e9nt is tev\u00e9kenykedik, \u00fajs\u00e1g\u00edr\u00f3i munk\u00e1j\u00e1ban pedig a t\u00e1rsadalmi \u00e9rz\u00e9keny\u00edt\u00e9s is hangs\u00falyos szerepet kap.<\/p>\n\n\n\n<p>Ifj. Rost\u00e1s-Farkas Gy\u00f6rgy \u00fajs\u00e1g\u00edr\u00f3 feles\u00e9ge. \u00dajj\u00e1sz\u00fcletett kereszt\u00e9nyk\u00e9nt a Hit Gy\u00fclekezet\u00e9nek tagja.<\/p>\n\n\n\n<p>Szakmai \u00e9s k\u00f6z\u00f6ss\u00e9gi munk\u00e1j\u00e1t hivat\u00e1sk\u00e9nt \u00e9li meg, amelyben felel\u0151ss\u00e9g\u00e9nek tartja a roma k\u00f6z\u00f6ss\u00e9g \u00e9rt\u00e9keinek meg\u0151rz\u00e9s\u00e9t, l\u00e1that\u00f3s\u00e1g\u00e1nak er\u0151s\u00edt\u00e9s\u00e9t \u00e9s a t\u00e1rsadalmi p\u00e1rbesz\u00e9d el\u0151mozd\u00edt\u00e1s\u00e1t.<\/p>\n\n\n\n<p>Tagja a Magyar \u00dajs\u00e1g\u00edr\u00f3k Orsz\u00e1gos Sz\u00f6vets\u00e9g\u00e9nek (M\u00daOSZ), valamint a Cig\u00e1ny \u00dajs\u00e1g\u00edr\u00f3k Szakoszt\u00e1ly\u00e1nak.<\/p>\n\n\n\n<p>Apai nagyapja&nbsp;<a href=\"https:\/\/romacharity.com\/rostas-farkas-gyorgy\/\">Rost\u00e1s-Farkas Gy\u00f6rg<\/a>y \u00fajs\u00e1g\u00edr\u00f3, m\u0171ford\u00edt\u00f3, \u00edr\u00f3-k\u00f6lt\u0151, n\u00e9pm\u0171vel\u0151 a hazai roma politikai \u00e9s kultur\u00e1lis \u00e9let meghat\u00e1roz\u00f3 alakja.<\/p>\n","protected":false},"excerpt":{"rendered":"<p>Delon Pujari Sz\u00fcletett: 2012.09.14-\u00e9n Rost\u00e1s-Farkas Attila n\u00e9ven, Budapesten a J\u00e1hn Ferenc D\u00e9l-pesti K\u00f3rh\u00e1zban. Delon becenevet \u00e9desapja adta neki Alain Delon sz\u00edn\u00e9szr\u0151l, Pujari becenevet saj\u00e1t mag\u00e1nak adta kicsi kor\u00e1ban. Delon Puajri egy ismert hazai k\u00f6z\u00f6ss\u00e9gi m\u00e9dia-szem\u00e9lyis\u00e9g. Ol\u00e1h cig\u00e1ny csal\u00e1db\u00f3l sz\u00e1rmazik. Tik Tok influencer, tartalomk\u00e9sz\u00edt\u0151, aki humoros \u00e9s kreat\u00edv vide\u00f3ival v\u00e1lt ismertt\u00e9! Legt\u00f6bbsz\u00f6r b\u00e1tyj\u00e1val \u00e9sz\u00edt tartalmakat Farkas&#8230;<\/p>\n","protected":false},"author":1,"featured_media":0,"parent":0,"menu_order":0,"comment_status":"closed","ping_status":"closed","template":"","meta":{"footnotes":""},"class_list":["post-223","page","type-page","status-publish","hentry"],"_links":{"self":[{"href":"https:\/\/farkasgiorgio.com\/index.php?rest_route=\/wp\/v2\/pages\/223","targetHints":{"allow":["GET"]}}],"collection":[{"href":"https:\/\/farkasgiorgio.com\/index.php?rest_route=\/wp\/v2\/pages"}],"about":[{"href":"https:\/\/farkasgiorgio.com\/index.php?rest_route=\/wp\/v2\/types\/page"}],"author":[{"embeddable":true,"href":"https:\/\/farkasgiorgio.com\/index.php?rest_route=\/wp\/v2\/users\/1"}],"replies":[{"embeddable":true,"href":"https:\/\/farkasgiorgio.com\/index.php?rest_route=%2Fwp%2Fv2%2Fcomments&post=223"}],"version-history":[{"count":3,"href":"https:\/\/farkasgiorgio.com\/index.php?rest_route=\/wp\/v2\/pages\/223\/revisions"}],"predecessor-version":[{"id":375,"href":"https:\/\/farkasgiorgio.com\/index.php?rest_route=\/wp\/v2\/pages\/223\/revisions\/375"}],"wp:attachment":[{"href":"https:\/\/farkasgiorgio.com\/index.php?rest_route=%2Fwp%2Fv2%2Fmedia&parent=223"}],"curies":[{"name":"wp","href":"https:\/\/api.w.org\/{rel}","templated":true}]}}

<p>Delon Pujari Született: 2012.09.14-én Rostás-Farkas Attila néven, Budapesten a Jáhn Ferenc Dél-pesti Kórházban. </p>



<p>Delon becenevet édesapja adta neki Alain Delon színészről, Pujari becenevet saját magának adta kicsi korában. Delon Puajri egy ismert hazai közösségi média-személyiség. Oláh cigány családból származik.</p>



<p>Tik Tok influencer, tartalomkészítő, aki humoros és kreatív videóival vált ismertté! Legtöbbször bátyjával észít tartalmakat Farkas Giorgioval.</p>



<p>Édesapja és édesanyja újjászületett keresztények. A Hit gyülekezet tagjai.</p>



<p><strong>Édesapja <a href="https://www.facebook.com/rfgyprivato">Ifj.Rostás-Farkas György </a></strong> újságíró, író, költő, főszerkesztő, üzletember, projektmenedzser, műfordító, jogvédő és cigány nyelvi szakértő. Munkásságát a társadalmi felelősségvállalás, az innováció és a közösségépítés iránti elkötelezettség határozza meg. Alapelvei közé tartozik, hogy az embereket ne származásuk vagy külső jegyeik, hanem belső értékeik alapján ítéljük meg. Hitvallása szerint a tudás a fejlődés alapja, és a társadalmi előrelépés kulcsa az együttműködés, azaz </p>



<p class="has-text-align-center"><strong>Hidakat kell építeni, nem falakat állítani!</strong></p>



<p>Személyes élet<br>Feleségével újjászületett keresztények, a Hit Gyülekezete tagjai. Felesége Faragó Laura újságíró, szépségtanácsadó.<br>Nős, két fiúgyermek édesapja: Farkas Giorgio nagyobbik fia újságíró, influenszer és Delon Pujari szintén influenszer, akik videóikkal nemzetközi ismertségre és rengeteg követőre tettek szert.</p>



<p><strong>Szakmai és közéleti tevékenység</strong><br>Ifj. Rostás-Farkas György a roma közélet és média meghatározó szereplője, több szervezet alapítója és vezetője. A Roma Szeretetszolgálat elnöke,a Cigány Tudományos és Identitásőrző Szövetség elnöke,a Roma Média Központ alapítója és tulajdonosa<br>a Roma Media Center hírportál főszerkesztője.A Magyar Újságírók Országos Szövetsége Cigány Szakosztályának elnöke.<br>Nevéhez fűződik a Roma Media Központ és a Roma Media Center létrehozása, amelynek célja a független, hiteles és minőségi újságírás erősítése hazai és nemzetközi szinten, valamint a társadalom objektív tájékoztatása.</p>



<p>Kiemelt figyelmet fordít a magyar és cigány nyelvű roma sajtó fejlesztésére, támogatására és láthatóságának növelésére.</p>



<hr class="wp-block-separator has-alpha-channel-opacity is-style-wide"/>



<p><strong>Édesanyja <a href="https://www.facebook.com/FaragoLaura777">Faragó Laura</a></strong> szintén újságíró, szépségtanácsadó.Újságíró, projektigazgató. 1987.június 6-án született Békéscsabán.</p>



<p>A Roma Media Központ tagja és projektigazgatója és a Roma Media Center szerkesztője, ahol munkáját a roma közösség társadalmi, kulturális és gazdasági megerősítésének szolgálatába állítja.</p>



<p>Kiemelt figyelmet fordít a roma kultúra ápolására, a roma nyelv és identitás megőrzésére, valamint olyan programok megvalósítására, amelyek elősegítik a közösségi integrációt és a gazdasági felzárkózást.</p>



<p>Szakmai tevékenységének fontos része a női esélyegyenlőség támogatása, elkötelezetten dolgozik a nők társadalmi szerepvállalásának erősítésén, az önállóság, az oktatás, a munkaerőpiaci lehetőségek és az önérvényesítés támogatásán.</p>



<p>Szépség- és egészség rovatvezetőként, valamint szépségtanácsadóként is tevékenykedik, újságírói munkájában pedig a társadalmi érzékenyítés is hangsúlyos szerepet kap.</p>



<p>Ifj. Rostás-Farkas György újságíró felesége. Újjászületett keresztényként a Hit Gyülekezetének tagja.</p>



<p>Szakmai és közösségi munkáját hivatásként éli meg, amelyben felelősségének tartja a roma közösség értékeinek megőrzését, láthatóságának erősítését és a társadalmi párbeszéd előmozdítását.</p>



<p>Tagja a Magyar Újságírók Országos Szövetségének (MÚOSZ), valamint a Cigány Újságírók Szakosztályának.</p>



<p>Apai nagyapja&nbsp;<a href="https://romacharity.com/rostas-farkas-gyorgy/">Rostás-Farkas Györg</a>y újságíró, műfordító, író-költő, népművelő a hazai roma politikai és kulturális élet meghatározó alakja.</p>

<p>Delon Pujari Született: 2012.09.14-én Rostás-Farkas Attila néven, Budapesten a Jáhn Ferenc Dél-pesti Kórházban. Delon becenevet édesapja adta neki Alain Delon színészről, Pujari becenevet saját magának adta kicsi korában. Delon Puajri egy ismert hazai közösségi média-személyiség. Oláh cigány családból származik. Tik Tok influencer, tartalomkészítő, aki humoros és kreatív videóival vált ismertté! Legtöbbször bátyjával észít tartalmakat Farkas&#8230;</p>
